{"id":79,"date":"2022-11-06T12:56:21","date_gmt":"2022-11-06T11:56:21","guid":{"rendered":"https:\/\/labocroixblanche.fr\/?page_id=79"},"modified":"2023-05-21T12:59:05","modified_gmt":"2023-05-21T10:59:05","slug":"notre-politique","status":"publish","type":"page","link":"https:\/\/labocroixblanche.fr\/index.php\/notre-politique\/","title":{"rendered":"Notre politique"},"content":{"rendered":"\n<p><strong>L&rsquo;objectif du laboratoire est de satisfaire les besoins de ses patients, de l&rsquo;ensemble des prescripteurs et du personnel m\u00e9dical et param\u00e9dical.<\/strong><\/p>\n\n\n\n<p><strong>Dans ce but, la biologiste a mis en place une politique qualit\u00e9 conforme aux exigences en vigueur.<\/strong><\/p>\n\n\n\n<p><strong>Deux qualiticiennes travaillent au sein du laboratoire en ce sens et s&rsquo;engagent \u00e0 mettre les moyens n\u00e9cessaires \u00e0 l&rsquo;application de cette qualit\u00e9.<\/strong><\/p>\n","protected":false},"excerpt":{"rendered":"<p>L&rsquo;objectif du laboratoire est de satisfaire les besoins de ses patients, de l&rsquo;ensemble des prescripteurs et du personnel m\u00e9dical et param\u00e9dical. Dans ce but, la biologiste a mis en place une politique qualit\u00e9 conforme aux exigences en vigueur. Deux qualiticiennes travaillent au sein du laboratoire en ce sens et s&rsquo;engagent \u00e0 mettre les moyens n\u00e9cessaires &hellip; <\/p>\n<p class=\"link-more\"><a href=\"https:\/\/labocroixblanche.fr\/index.php\/notre-politique\/\" class=\"more-link\">Continuer la lecture<span class=\"screen-reader-text\"> de &laquo;&nbsp;Notre politique&nbsp;&raquo;<\/span><\/a><\/p>\n","protected":false},"author":1,"featured_media":0,"parent":0,"menu_order":0,"comment_status":"closed","ping_status":"closed","template":"","meta":{"footnotes":""},"class_list":["post-79","page","type-page","status-publish","hentry"],"_links":{"self":[{"href":"https:\/\/labocroixblanche.fr\/index.php\/wp-json\/wp\/v2\/pages\/79","targetHints":{"allow":["GET"]}}],"collection":[{"href":"https:\/\/labocroixblanche.fr\/index.php\/wp-json\/wp\/v2\/pages"}],"about":[{"href":"https:\/\/labocroixblanche.fr\/index.php\/wp-json\/wp\/v2\/types\/page"}],"author":[{"embeddable":true,"href":"https:\/\/labocroixblanche.fr\/index.php\/wp-json\/wp\/v2\/users\/1"}],"replies":[{"embeddable":true,"href":"https:\/\/labocroixblanche.fr\/index.php\/wp-json\/wp\/v2\/comments?post=79"}],"version-history":[{"count":4,"href":"https:\/\/labocroixblanche.fr\/index.php\/wp-json\/wp\/v2\/pages\/79\/revisions"}],"predecessor-version":[{"id":347,"href":"https:\/\/labocroixblanche.fr\/index.php\/wp-json\/wp\/v2\/pages\/79\/revisions\/347"}],"wp:attachment":[{"href":"https:\/\/labocroixblanche.fr\/index.php\/wp-json\/wp\/v2\/media?parent=79"}],"curies":[{"name":"wp","href":"https:\/\/api.w.org\/{rel}","templated":true}]}}